 + 4*i = 1068, -1919*i + 1922*i + 1124 = 4*v. What is the greatest common divisor of o and v?
25
Suppose -92*f + 4*f + 16887 + 70585 = 0. What is the highest common factor of 1278 and f?
142
Let b = -102 + 105. Suppose -5*k - 2*z = -k - 380, -278 = -b*k - 5*z. What is the highest common factor of k and 1248?
96
Let h = 3 + 2. Let b = -103907 + 104007. Calculate the greatest common divisor of b and h.
5
Let f be (-39000)/90*(-24)/5. Calculate the highest common divisor of f and 65.
65
Let g = -235 - -246. Let r(n) = n**2 + 2*n - 4. Let x be r(-5). Let l be (-63)/7*x/(-1). Calculate the greatest common divisor of g and l.
11
Let u = 58 - 34. Let n(w) = 139*w**3 - w**2 + 5*w - 3. Let v be n(1). Suppose -v = -17*b + 3940. What is the greatest common divisor of u and b?
24
Let s = -1764 - -2562. Calculate the highest common factor of s and 42.
42
Let i be (-4)/10 + (-4)/(-10). Suppose i*o - 53 = -3*o + 5*m, 4*o - 40 = -m. Let w be (-718)/8257*506/(-4). What is the highest common divisor of o and w?
11
Let a(p) = -24*p**2 + 425*p + 71. Let l be a(17). What is the highest common divisor of l and 45?
45
Suppose -5 = -2*g - 5. Suppose -2*j + 4*i = 114, -2*j + j - 2*i - 41 = g. Let m = j - -62. What is the highest common factor of 39 and m?
13
Let h(o) = 2*o**2 + 10*o + 5. Let v be h(-5). Suppose 0 = 5*g - 5*i - 65, 4*g - g - v*i = 39. Calculate the highest common factor of 52 and g.
13
Let f be 18/6*(-3 + 4 - -6). Let k be (-1)/(-4 + 81/f). Suppose 0 = -z + k + 3. What is the highest common divisor of z and 70?
10
Let d be 2 + 0 + 526/1. Suppose -5*v - 6*x = -828, 482*x - 479*x = v - 90. Calculate the greatest common divisor of v and d.
48
Suppose 16*r = 12918 + 117002. Calculate the greatest common factor of r and 28.
28
Let d = 2 - -13. Suppose 48 = 20*k - 72. Calculate the greatest common factor of k and d.
3
Let c(v) be the second derivative of v**4/6 + 4*v**3/3 + v**2 - 10*v. Let d be c(-4). Suppose -d*l + 145 = -95. What is the highest common factor of 15 and l?
15
Let i be 16/1*(-8515)/(-52). Calculate the greatest common factor of i and 80.
20
Suppose 20*f = -3457 - 103. Let v = f - -179. Calculate the greatest common factor of 11 and v.
1
Suppose 2*u - 432*i = -433*i + 72, -4*i = -24. What is the highest common factor of 2 and u?
1
Let x be 1 - (-4)/(-2) - 3/3. Let r be (x - 3)*3*(-6)/18. Suppose 0 = 6*q - 25 - r. What is the highest common divisor of q and 10?
5
Let f be 528/((-16)/336*-21). What is the greatest common factor of f and 1342?
22
Let g(t) = 2*t**2 - 2*t - 11. Let s be (-66)/(-176) + (-87)/(-24). Let a be g(s). What is the highest common divisor of 143 and a?
13
Let r(o) = -191 + 23*o - 9*o + 24. Let s be r(16). Calculate the highest common divisor of s and 6.
3
Let q be (-49 + 6 + -3)/((-2)/(-5)). Let a = 232 + q. What is the greatest common divisor of a and 13?
13
Suppose 123*p - 158*p + 315 = 0. What is the greatest common divisor of 249 and p?
3
Let f be (384*(-30)/(-100))/((-4 + 5)/5). Calculate the greatest common factor of 256 and f.
64
Let r(c) = -1963*c**3 - 10*c**2 + 11*c + 61. Let f be r(-2). Calculate the highest common factor of f and 383.
383
Let y(f) = 61*f**2 - 79*f - 29. Let w be y(2). What is the greatest common factor of 3287 and w?
19
Suppose 16*r - 8*r = 64. Let k be (12/r)/(1/18). Let s be (-188)/(-20) + (-4)/10. Calculate the highest common factor of k and s.
9
Let q = 45 + -20. Let w = 65790 + -65465. What is the greatest common factor of w and q?
25
Let g = 31428 - 29632. What is the highest common divisor of g and 1?
1
Let v = -2 - 3. Let g be (15/(-60))/(1/(-244)) - v. Calculate the greatest common factor of g and 242.
22
Let p(u) = 18*u - 310. Let h be p(32). What is the greatest common divisor of h and 475?
19
Let i = 7903 - 7773. Calculate the highest common divisor of 299 and i.
13
Suppose -61 - 48 = -3*s - 4*x, 4*x = 3*s - 101. Suppose -u - 4*f + 46 = 0, 0 = -u + 5*f - s + 90. Calculate the greatest common factor of u and 175.
25
Suppose 3*p = -s + 864, 2*p + 314*s = 309*s + 576. What is the greatest common factor of 384 and p?
96
Let r = -3519 - -3526. Let c(s) = 2*s - 4. Let x be c(3). Suppose -21 = x*l - 5*l. Calculate the highest common divisor of l and r.
7
Suppose 396 = 4*v - h, 126*h - 280 = -3*v + 131*h. Calculate the highest common factor of 1475 and v.
25
Let x = 0 - -3. Suppose -3*v - x*q + 46 = -86, -v + 24 = -3*q. Suppose -3*s - 2*s = 2*z - 54, 0 = -3*s + z + v. Calculate the highest common factor of 54 and s.
6
Suppose -450 = 4*s - 34*s. Suppose 0 = i + 3*q - 24, i + 6*q = 7*q + 24. Calculate the greatest common divisor of i and s.
3
Let z be ((120/(-25))/(-6))/(2/75). What is the highest common factor of 9375 and z?
15
Let p(i) = 86*i**2 - 258*i - 38. Let v be p(6). What is the greatest common factor of 10 and v?
10
Let a(s) = -211*s + 3400. Let f be a(16). What is the highest common factor of f and 5316?
12
Let o(h) = -266*h**2 + 5 + h**3 + 127*h**2 - 24*h + 126*h**2. Let j be o(15). Let t be (-38)/j - 122/(-5). What is the greatest common factor of 216 and t?
24
Let h = -22 - -27. Suppose -15 = h*q - 5*m - 105, -16 = -2*q - 2*m. Let n be (6/3)/((-10)/(-195)). What is the greatest common factor of q and n?
13
Let v = 1272 - 1186. Calculate the highest common factor of 14 and v.
2
Let n(f) = f**2 - 6*f - 8. Let l be n(8). Let v be (-2)/l - 231/(-28). Let t be (3 + (-297)/(-21))/(219/1022). What is the greatest common factor of v and t?
8
Let k(x) = -3*x - 15. Let m be k(-5). Let s be 88/20 + 2/(-5) + m. Calculate the highest common divisor of 64 and s.
4
Suppose -o - 3*o - n = -81, 5*n = 4*o - 75. Suppose -62*k - o = -64*k. Calculate the greatest common divisor of 190 and k.
10
Suppose -4*v = 4*v + 48. Let q be 2/v*1/((-2)/36). What is the greatest common divisor of 30 and q?
6
Let q(s) = s**3 + 58*s**2 + 248*s - 881. Let c be q(-53). Suppose n - 2*m = 2, n + 4*n - 26 = 2*m. Calculate the highest common divisor of n and c.
2
Suppose -2*v + 72 = -3*u, 122*u = 4*v + 119*u - 132. Suppose -4*r + 16 = 0, -3*l - 3*r + 62 = -r. What is the highest common factor of v and l?
6
Let u = 2 + 1. Suppose -4*y = -5 - u. Suppose 0 = t - 4*d + 195 - 197, -5*t + 94 = d. Calculate the highest common divisor of t and y.
2
Let k be 4/18 + (-8848)/(-36) + -4. Let p = k - 192. Calculate the highest common factor of 40 and p.
10
Let h = 9 + -5. Suppose z + h*j - 14 = 0, -3*z - j + 2 = -18. Calculate the highest common divisor of z and 32.
2
Let h(a) = -a**3 - 7*a**2 - 5*a - 13. Suppose 9*q + 0 + 63 = 0. Let y be h(q). Let d be -8*(2 + 85/(-4)). Calculate the greatest common divisor of d and y.
22
Suppose 26*c + 2352 = 40*c. Let x be -2*(-23)/2 - 2. What is the greatest common factor of c and x?
21
Suppose 0 = -710*i + 713*i, -i + 846 = 3*m. What is the highest common factor of m and 6?
6
Let a(f) = 187*f + 4068. Let p be a(-21). Calculate the greatest common divisor of 4371 and p.
141
Let b be (-329139)/(-15) + (-350)/(-250). Calculate the greatest common factor of b and 208.
104
Let a be (-31 - -29) + (-146)/(-2). Let c be 3/12 - (-675)/20. Suppose -2*d = -2*v - c, 5*v - 33 = -4*d + a. What is the greatest common divisor of d and 147?
21
Let w(l) = 45*l - 30. Let f be w(2). Suppose -9*k + f = k. Calculate the highest common divisor of k and 28.
2
Let n(g) be the second derivative of g**4/4 - 2*g**3/3 + 2*g**2 - 16*g + 2. Let k be n(5). What is the highest common factor of 472 and k?
59
Suppose -6*g + 115 + 53 = 0. Let d(l) = 3*l - 2. Let f be ((-8)/(-20))/(-1) - 60/(-25). Let q be d(f). Calculate the greatest common divisor of q and g.
4
Let q(s) = -16*s - 4. Let d = -11 + 2. Let t be q(d). Suppose i - 2 = 0, 130 = 3*v + 2*v - 5*i. What is the highest common factor of t and v?
28
Suppose 121 = 4*q + 3*h, h = -h - 10. Suppose -3*m = b + 4*b + 43, q = -2*b + 3*m. Let d be (6 + 0)*b/(-3). Calculate the greatest common divisor of d and 88.
22
Let t = -35 + 36. Suppose -4*y + 23 = -t. Suppose -4*s + 50 = y. What is the greatest common factor of s and 22?
11
Suppose -2*f = -8*f + 114. Suppose -f*y + 21*y = 54. Suppose 0 = 3*j + y - 279. What is the highest common factor of 12 and j?
12
Let j(a) = a**3 + 16*a**2 + 30*a + 4. Let r be j(-8). What is the greatest common factor of r and 1472?
92
Suppose -3*l = 1